8359390057 a prime number?
False
Is 296837105467 a prime number?
False
Is 320125945 a prime number?
False
Is 135892073 a prime number?
False
Is 19188527 prime?
True
Is 40719401285 prime?
False
Is 51474305429 a composite number?
False
Is 26982454607 a prime number?
True
Is 5345987879 composite?
False
Is 2329240999 a composite number?
True
Is 11291868779 a composite number?
True
Is 1034708557 a composite number?
False
Is 1348603493 prime?
False
Is 1592137667 prime?
False
Is 98328941 prime?
True
Is 609439682 a prime number?
False
Is 14404021 prime?
True
Is 441416711 prime?
True
Is 1659956903 prime?
False
Is 8519256211 prime?
False
Is 154736391 composite?
True
Is 3626692471 a prime number?
True
Is 5061223879 prime?
True
Is 114041284543 a composite number?
True
Is 9331069739 a prime number?
True
Is 5651913139 a prime number?
True
Is 1207774079 composite?
False
Is 10468410541 prime?
False
Is 197345267201 composite?
False
Is 97586071061 a prime number?
True
Is 533764961 prime?
False
Is 6452165231 composite?
False
Is 7457883449 a prime number?
True
Is 1315435813 composite?
True
Is 294785273 prime?
False
Is 1110239171 prime?
True
Is 26471538619 prime?
False
Is 12250750133 a prime number?
True
Is 100702127 composite?
False
Is 2522219153 a composite number?
False
Is 24634119701 composite?
True
Is 520423987 prime?
False
Is 7344791827 a prime number?
False
Is 1155480017 prime?
True
Is 405652529 a composite number?
False
Is 112677369767 a composite number?
True
Is 7883973689 prime?
False
Is 56130252859 a composite number?
False
Is 14737124653 a composite number?
True
Is 2093689177 prime?
True
Is 265265518667 prime?
True
Is 437296387 a prime number?
False
Is 5135113735 a prime number?
False
Is 1534726909 a prime number?
True
Is 11935889129 prime?
False
Is 4803413278 composite?
True
Is 15198402607 prime?
False
Is 198542347 prime?
True
Is 4664276069 composite?
False
Is 681320179 a composite number?
True
Is 7445553221 composite?
False
Is 6351140753 composite?
True
Is 35048927 composite?
True
Is 10133577683 a prime number?
True
Is 4284558797 prime?
True
Is 44841774017 prime?
True
Is 1038602219 a composite number?
False
Is 38799244339 a prime number?
False
Is 289819573 a prime number?
False
Is 206216383 a prime number?
True
Is 22931610883 prime?
False
Is 3579407233 a prime number?
False
Is 6780372451 a prime number?
False
Is 7132925099 prime?
True
Is 3002723 a prime number?
True
Is 66631867723 composite?
False
Is 901159351 prime?
True
Is 135821983 a composite number?
True
Is 38645797361 a prime number?
False
Is 5200263785 composite?
True
Is 18254633027 prime?
True
Is 61146273343 a composite number?
False
Is 68998023673 a prime number?
True
Is 4253963537 prime?
True
Is 1996546669 a prime number?
False
Is 597224954 prime?
False
Is 450747233 composite?
True
Is 55792245473 prime?
False
Is 183606308051 prime?
False
Is 19145483983 a composite number?
False
Is 954400879 a composite number?
False
Is 278141393 a prime number?
False
Is 3496245034 prime?
False
Is 1266994621 a composite number?
False
Is 181521281 composite?
False
Is 3090605747 a prime number?
True
Is 795629999 a prime number?
False
Is 12853551653 a prime number?
False
Is 739947541 prime?
False
Is 3044134253 a prime number?
True
Is 16089861881 a composite number?
True
Is 411322517 prime?
True
Is 891227573 composite?
False
Is 10946017787 a prime number?
True
Is 12206724191 a prime number?
False
Is 150315527 a prime number?
True
Is 6302861717 composite?
True
Is 1200866297 a prime number?
True
Is 5654238991 composite?
False
Is 12061151693 prime?
True
Is 168970933381 a prime number?
True
Is 609168641 a prime number?
False
Is 2445443383 a prime number?
True
Is 1635664213 a prime number?
False
Is 8883674087 composite?
False
Is 5319964967 composite?
False
Is 61073193689 a prime number?
False
Is 488960939 prime?
True
Is 40478117327 composite?
True
Is 188195407397 a composite number?
False
Is 2638967371 a prime number?
False
Is 50192664113 a composite number?
True
Is 938948261 prime?
False
Is 1492614685 composite?
True
Is 10359554059 a prime number?
True
Is 555605861 composite?
False
Is 305947041 a composite number?
True
Is 25429507771 prime?
True
Is 11241475613 composite?
True
Is 14242992331 a prime number?
True
Is 433740563 a composite number?
True
Is 1698656917 prime?
True
Is 3732641021 composite?
True
Is 788357527 composite?
False
Is 4179481627 a prime number?
False
Is 870831289 prime?
False
Is 75440240401 a prime number?
False
Is 371174351 prime?
True
Is 25720650863 a prime number?
True
Is 32906750379 prime?
False
Is 19340648653 composite?
False
Is 29183387099 a prime number?
True
Is 373285403977 prime?
False
Is 8639806573 a composite number?
False
Is 12412445519 a composite number?
True
Is 2365950973 prime?
True
Is 36479015921 a composite number?
True
Is 4175197629 a composite number?
True
Is 21041475701 a composite number?
False
Is 356125233 a composite number?
True
Is 2129922167 a prime number?
True
Is 1314465947 a composite number?
False
Is 12827128747 composite?
False
Is 49458251699 composite?
True
Is 148983379 a prime number?
True
Is 237203325377 a composite number?
True
Is 29156503 a prime number?
True
Is 8905376401 composite?
True
Is 2696026895 a prime number?
False
Is 1070433211 prime?
True
Is 5058009149 composite?
False
Is 1905962711 composite?
False
Is 7163542951 prime?
False
Is 86662548377 composite?
False
Is 4181319539 a prime number?
False
Is 3849607747 composite?
False
Is 189184102847 a prime number?
False
Is 582825799 a prime number?
True
Is 1061346005 prime?
False
Is 267506609 composite?
False
Is 41066495627 composite?
False
Is 13403052071 composite?
False
Is 507761313 composite?
True
Is 863623603 prime?
True
Is 78651526699 a prime number?
False
Is 171127969 a prime number?
True
Is 18839808019 composite?
True
Is 272583292561 a composite number?
False
Is 368684551 a prime number?
True
Is 5705303497 prime?
False
Is 67344127171 composite?
True
Is 74732266403 composite?
False
Is 10485218981 composite?
False
Is 5169990503 prime?
True
Is 273745831 a prime number?
True
Is 53183048403 a composite number?
True
Is 43777666991 a prime number?
False
Is 1290836557 a composite number?
False
Is 906931433 prime?
True
Is 5348232017 a prime number?
True
Is 156072086957 a prime number?
False
Is 1855104161 a prime number?
False
Is 1653369859 a composite number?
False
Is 2377977913 composite?
False
Is 1044879119 a composite number?
True
Is 1348790545 prime?
False
Is 14409319679 composite?
False
Is 401770919 a composite number?
True
Is 3538869509 a prime number?
False
Is 245387393 a prime number?
False
Is 1327710589 a composite number?
True
Is 32043977 composite?
True
Is 1033503158 composite?
True
Is 5303103149 prime?
True
Is 165600493 prime?
False
Is 447853789 a prime number?
True
Is 321535757 a prime number?
True
Is 10000830821 composite?
False
Is 268603163 prime?
True
Is 16996335223 prime?
False
Is 1674527354 a prime number?
False
Is 11493281591 prime?
False
Is 285508607 a prime number?
False
Is 17142730727 a composite number?
True
Is 552693217 a composite number?
False
Is 3689267539 prime?
True
Is 33694033 composite?
False
Is 11184631 a prime number?
False
Is 86789628449 a prime number?
True
Is 919987759 a composite number?
True
Is 1001783659 prime?
False
Is 63812954047 a composite number?
True
Is 657494809 a composite number?
True
Is 59552144221 a prime number?
False
Is 626426621 prime?
True
Is 640977313 prime?
False
Is 117688607 a composite number?
False
Is 11460434297 composite?
True
Is 11153450549 a prime number?
True
Is 440233319 a composite number?
False
Is 276844247 prime?
True
Is 5166590543 a prime number?
False
Is 1825970647 a prime number?
True
Is 46595093687 a composite number?
False
Is 2097080047 a prime number?
False
Is 8658673 composite?
False
Is 5393171207 prime?
True
Is 1243675441 a composite number?
True
Is 59789179 prime?
False
Is 8011675079 composite?
False
Is 93636457 a composite number?
False
Is 53665151 a composite number?
False
Is 244279753 composite?
True
Is 4195841959 prime?
True
Is 10076019013 prime?
True
Is 19370153081 a composite number?
True
Is 213872297 a composite number?
False
Is 29484123763 a composite number?
False
Is 2972953171 prime?
True
Is 2840404569 a prime number?
False